{"id":35,"date":"2018-09-26T21:28:23","date_gmt":"2018-09-26T18:28:23","guid":{"rendered":"https:\/\/s2rl.ceng.metu.edu.tr\/?page_id=35"},"modified":"2018-11-23T13:01:02","modified_gmt":"2018-11-23T10:01:02","slug":"contact","status":"publish","type":"page","link":"https:\/\/s2rl.iam.metu.edu.tr\/index.php\/contact\/","title":{"rendered":"Contact"},"content":{"rendered":"<p>Snail mail:<\/p>\n<p>Orta Do\u011fu Teknik \u00dcniversitesi<br \/>\nODT\u00dc Kriptoloji Laboratuvar\u0131 Binas\u0131<br \/>\n\u00dcniversiteler Mahallesi, \u00a0Dumlup\u0131nar Bulvar\u0131 No: 1<br \/>\n06800 \u00c7ankaya, ANKARA<br \/>\nPhone: +90 (312) 210-2987<br \/>\nFax: +90 (312) 210-2985<br \/>\nE-Mail:\u00a0nejla@metu.edu.tr<\/p>\n<p>Mailing list:\u00a0<a href=\"https:\/\/mailman.metu.edu.tr\/mailman\/listinfo\/iam-s2rl\">https:\/\/mailman.metu.edu.tr\/mailman\/listinfo\/iam-s2rl<\/a><\/p>\n","protected":false},"excerpt":{"rendered":"<p>Snail mail: Orta Do\u011fu Teknik \u00dcniversitesi ODT\u00dc Kriptoloji Laboratuvar\u0131 Binas\u0131 \u00dcniversiteler Mahallesi, \u00a0Dumlup\u0131nar Bulvar\u0131 No: 1 06800 \u00c7ankaya, ANKARA Phone:&hellip;<\/p>\n","protected":false},"author":7,"featured_media":0,"parent":0,"menu_order":0,"comment_status":"closed","ping_status":"closed","template":"","meta":{"footnotes":""},"class_list":["post-35","page","type-page","status-publish","hentry"],"_links":{"self":[{"href":"https:\/\/s2rl.iam.metu.edu.tr\/index.php\/wp-json\/wp\/v2\/pages\/35","targetHints":{"allow":["GET"]}}],"collection":[{"href":"https:\/\/s2rl.iam.metu.edu.tr\/index.php\/wp-json\/wp\/v2\/pages"}],"about":[{"href":"https:\/\/s2rl.iam.metu.edu.tr\/index.php\/wp-json\/wp\/v2\/types\/page"}],"author":[{"embeddable":true,"href":"https:\/\/s2rl.iam.metu.edu.tr\/index.php\/wp-json\/wp\/v2\/users\/7"}],"replies":[{"embeddable":true,"href":"https:\/\/s2rl.iam.metu.edu.tr\/index.php\/wp-json\/wp\/v2\/comments?post=35"}],"version-history":[{"count":8,"href":"https:\/\/s2rl.iam.metu.edu.tr\/index.php\/wp-json\/wp\/v2\/pages\/35\/revisions"}],"predecessor-version":[{"id":71,"href":"https:\/\/s2rl.iam.metu.edu.tr\/index.php\/wp-json\/wp\/v2\/pages\/35\/revisions\/71"}],"wp:attachment":[{"href":"https:\/\/s2rl.iam.metu.edu.tr\/index.php\/wp-json\/wp\/v2\/media?parent=35"}],"curies":[{"name":"wp","href":"https:\/\/api.w.org\/{rel}","templated":true}]}}